ose 0 = -2*h - 3*o + 1059, 14*h - 2*o = b*h + 1621. What are the prime factors of h?
3, 179
Let a(q) = -1154*q + 109. What are the prime factors of a(-11)?
7, 31, 59
Let j = -6560 - -13941. What are the prime factors of j?
11, 61
Suppose 3*m - 119812 = -71*u + 84*u, 5*m - 199666 = u. List the prime factors of m.
3, 17, 29
Let o(v) = -v**3 + 5*v**2 + 9*v - 1. Let u(p) = 6*p**2 - 2*p - 1. Let h be u(-1). Let n be o(h). Let g = n + 40. List the prime factors of g.
2
Let c(t) be the third derivative of -25*t**4/24 - 11*t**3/3 + 60*t**2 - t. List the prime factors of c(-7).
3, 17
Suppose 7 = -2*q + j - 2, -2*q + 4*j = 24. Let t be -2*-5*(-11)/q. Let k = t + -12. What are the prime factors of k?
43
Suppose 4*k - 254137 = -c, k - 5*c - 7339 = 56211. What are the prime factors of k?
5, 97, 131
Suppose -4*m + 3*x = -22814, 7*m - 2*m - 2*x - 28514 = 0. List the prime factors of m.
2, 2851
Let x(g) be the first derivative of -g**3/3 + 43*g**2/2 - 81*g - 84. What are the prime factors of x(26)?
19
Suppose 48*u - 14*u - 428638 = 0. List the prime factors of u.
7, 1801
What are the prime factors of (-4)/(-6) - ((-3648808)/(-12))/(-43)?
2, 13, 17
Let u(s) = 3*s - 31. Let d be u(12). Suppose -2*b - 61 + 205 = -d*p, 4*p + 66 = b. List the prime factors of b.
2, 41
Let q be (12/14)/((-2)/(-7)). Suppose -3*k = -x + 4, 5*x - 42 = q*k + k. Suppose -2 = -3*u + x, 2*r - 48 = -5*u. List the prime factors of r.
2, 7
Let a(p) = -p**3 - 2*p + 4. Let j be a(-3). Let k = 36 - j. List the prime factors of (-1 - (k - 223)) + -4.
3, 73
Suppose 7*s + 6*s + 50*s = 1204245. What are the prime factors of s?
5, 3823
Suppose 0 = 27*w - 9*w - 5724. Let g = 501 - w. List the prime factors of g.
3, 61
Let p = -10702 - -22696. List the prime factors of p.
2, 3, 1999
Let l(w) be the first derivative of 65*w**2/2 + 15*w - 105. What are the prime factors of l(5)?
2, 5, 17
Suppose -16*d = -17*d + 8*d. Suppose d = 12*q - 4*q - 3560. What are the prime factors of q?
5, 89
Let i(v) = -34*v + 16. Let t(m) = 69*m - 33. Let o(l) = 7*i(l) + 4*t(l). What are the prime factors of o(9)?
2, 7, 23
Let b be (-13)/((-234)/27)*-2. Let q = -1751 - -725. List the prime factors of (1/2)/(b/q).
3, 19
Let y = 827 + -781. Suppose -5*d + 2408 = l, d - 423 = 4*l + y. List the prime factors of d.
13, 37
Let f be (2/14 - 29112/(-56)) + 2. Let t = -92 + f. List the prime factors of t.
2, 5, 43
Suppose 7472 = 2*k - 68*q + 64*q, 0 = 5*k - 5*q - 18650. What are the prime factors of k?
2, 7, 19
Let o(f) = 29*f**2 + 3*f + 3. Let l be o(-2). Let q be (-24)/(-4) - (-5)/((-35)/21). Suppose -q*j - l = -4*j. What are the prime factors of j?
113
Suppose -7*q + 77 = 14. Let a be 10/(-8)*(-8)/(9 - 7). Suppose -t + q = -4*b - 75, 273 = 3*t - a*b. What are the prime factors of t?
2, 3
Let r = -170 - -167. List the prime factors of (4404/8)/(r/(-2)).
367
Suppose -7*h + 11*h - 12 = 0. Suppose h = -a + 4. What are the prime factors of -5*(0 - a)/(3 + -2)?
5
List the prime factors of (460/12)/((-852)/(-1980) + (-4)/10).
5, 11, 23
Suppose 4*u - 72 = 3*u. Suppose u = -6*t + 858. Let r = -32 + t. What are the prime factors of r?
3, 11
Let n(h) = -h**3 + 17*h**2 - 3*h + 21. Let k(t) = -t**2 + 6*t + 12. Let c be k(5). Let o be n(c). List the prime factors of 44 - (o/5 + 4).
2, 23
Let v(n) = -9*n - 25. Let d be v(5). Let w be 2/(-7)*d/20. List the prime factors of w/(-1) - 30/(-1).
29
Suppose 0 = 2*b - 27*b - 0*b + 131000. List the prime factors of b.
2, 5, 131
Let k be ((-8)/6 - 164/(-123)) + -2. What are the prime factors of 1*(3 + k) + 397?
2, 199
Let q = 35423 - 15468. What are the prime factors of q?
5, 13, 307
Let s be 3/1 - (250 + (-6)/(-2)). Let m = s - -394. Let j = m + -97. List the prime factors of j.
47
Let t(h) = 14*h**2 + 2*h - 98. What are the prime factors of t(-19)?
2, 2459
Let z(w) = -3*w - 15. Let h be z(-13). Let s be ((-79)/(-3))/(8/h). Let k = s - 59. What are the prime factors of k?
2, 5
Let o be 0 - (4 + 8)/(-2). Suppose 5*j = 19 + o. Suppose -3*a = -0*u + u - 64, -j*a = -u + 88. What are the prime factors of u?
73
Let p(b) = -5*b + 43. Let n be p(8). Suppose 0 = -11*l + 6*l - 10, 3*l - 882 = -n*o. List the prime factors of o.
2, 37
Let q = -22 + 22. Suppose q = -5*l - 436 + 1986. List the prime factors of l.
2, 5, 31
Let o(z) = 115*z. Let q(g) = -7*g - 2. Let x be q(-1). Let p be ((-12)/14)/(-3) + x/7. What are the prime factors of o(p)?
5, 23
Let u = -33 - -1558. Let s = -446 + u. What are the prime factors of s?
13, 83
What are the prime factors of ((-8736)/20 - -4)*(292/(-8) - -9)?
2, 11, 541
Let s be 3 + -13 + -5 + 3. Let j(r) = -2*r**3 - 9*r**2 - 4. Let f be j(s). Suppose -3*k = 8*k - f. List the prime factors of k.
2, 7
Suppose -18*d = -31*d + 65. Suppose -2*g + 14*n + 161 = 9*n, g = -d*n + 88. What are the prime factors of g?
83
Suppose -4*a + 5*a - 895 = 0. List the prime factors of a.
5, 179
What are the prime factors of (6314/(-132))/41 + 28705/6?
4783
Let d be 70/175 + 0 + 666/10. Let i = d - -154. Let h = i - -20. List the prime factors of h.
241
Let f(v) = -15*v**2 + 10*v - 47. Let m be f(6). Let b = m - -901. What are the prime factors of b?
2, 11, 17
Suppose -40*n - 148988 = -74*n. What are the prime factors of n?
2, 7, 313
Let m(b) = 14302*b**2 + 47*b + 38. List the prime factors of m(-2).
2, 19, 47
Suppose 2*z - 4 - 4 = 0, -3*i = 3*z - 17931. List the prime factors of i.
3, 11, 181
Let u(p) = 14*p**3 - 50*p**2 - 18*p + 43. List the prime factors of u(12).
11, 139
Let p be (-7)/2*2 - 2*-1. Let m(w) = 24*w - 43. Let r be m(p). What are the prime factors of 3 + -4 - r - (-4)/4?
163
Suppose -2863*s + 119730 = -2848*s. List the prime factors of s.
2, 13, 307
Let r = -5 - -9. Let f(m) = -m + 10. Let t be f(r). Suppose -t*y = -y - 710. What are the prime factors of y?
2, 71
Let z(c) = 182*c**2 + 6*c + 3. Let s = -272 - -270. What are the prime factors of z(s)?
719
Let d = 42 + -40. Suppose -d*z + 4 = 3*p, -2*p - z = 3*p - 9. List the prime factors of 8*55/p*1/2.
2, 5, 11
Let i be (3 - (-715)/(-26))/((-1)/102). Suppose 3*u - 829 = -y - 2*u, 3*u - i = -3*y. List the prime factors of y.
2, 3, 139
Let i(s) = -9*s + 62. Let f be i(6). Suppose 62 + 186 = f*t. List the prime factors of t.
31
Let c = -845 + 535. Let j = -77 - c. What are the prime factors of j?
233
Let l = -29 - -31. Suppose b - 5*b = 4*c - 24, 3*b - 13 = -l*c. What are the prime factors of c?
5
Let x(n) = -4*n**3 + 4*n**2 + n - 30. Let a be x(-9). Suppose 0 = 5*p + 6*p - a. What are the prime factors of p?
3, 97
Suppose 12*g = 23*g - 13057. Let z = 101 + g. What are the prime factors of z?
2, 7, 23
Suppose -4*i = -3*b + 2744 - 199, -2*i + 4*b = 1280. Let w = -163 - i. List the prime factors of w.
3, 157
Let k = 38 - 36. Suppose -3*t + 325 = y, -k*t - 2*t - 3*y = -430. Suppose -t = -7*z + 115. List the prime factors of z.
2
Suppose 2*u + 3*u - 505 = -w, -4*u = 5*w - 2609. Let b = w + -335. What are the prime factors of b?
2, 5, 19
Let w(c) = -357*c + 418. What are the prime factors of w(-27)?
89, 113
Let d be 36/9 + 2*2. Suppose -5*y + d*y - 105 = 0. Suppose y = -c + 119. List the prime factors of c.
2, 3, 7
Suppose 0*h - 15 = -h. Let o(d) = 4*d - 57. Let y(p) = 4. Let l(z) = 2*o(z) + 22*y(z). List the prime factors of l(h).
2, 47
Suppose p + 4*a = -14, 0 = 5*p - p + 5*a + 1. Let r(o) = 4*o**2 + 36*o - 21. Let q be r(-11). Let b = q - p. List the prime factors of b.
61
Let x(z) = 832*z**2 - 5*z - 16. List the prime factors of x(-2).
2, 11, 151
Let r(h) = -1438*h - 20. Let a be r(-1). Suppose 18*d - 8366 + a = 0. What are the prime factors of d?
2, 193
Suppose -b - 4 = c, -5 = -3*b + 2*c + 3. Let w(n) = -2*n + 21. Let m be w(b). Let h = m - -14. What are the prime factors of h?
5, 7
Let c be 1*(-1)/(-1)*(1 + 2143). Let d = c + -1306. What are the prime factors of d?
2, 419
What are the prime factors of ((-108)/4)/3 + 9899?
2, 5, 23, 43
Let a be (1/(-12))/((-46)/184)*6. Suppose -2*t + 319 = -t. Suppose 4*q - 5*x = t, -157 = -2*q + x + a*x. What are the prime factors of q?
2, 43
Let k(y) = 46*y - 218. Let g be k(5). Suppose -3*b = g*q - 9*q - 1305, 5*q = 4*b + 2184. List the prime factors of q.
2, 109
Let v = 41 - 34. Suppose 10 = b + v. List the prime factors of 125 - (b + -4 + 4).
2, 61
Suppose 0 = -4*f + 5*y + 9193, -4*f + 0*y + 9220 = 4*y.